, -2*d = -0*d + 2*r - 58. What is the greatest common divisor of d and 24?
24
Suppose k - 1 = a - 4*k, a - 9 = -5*k. Calculate the greatest common factor of 3 and a.
1
Suppose 3*w = -2*w - v + 341, 5*w = 4*v + 336. Suppose -w = -8*h + 68. What is the greatest common divisor of 51 and h?
17
Let s(k) = 9*k + 13. Let i be s(12). Calculate the highest common factor of i and 11.
11
Suppose -12 = h + 5*v, -h - 9 = -2*v + 6*v. Let d = -21 + 22. Calculate the highest common divisor of h and d.
1
Let w be 0 + -1 - (1 + 0). Let a be 404/36 - w/(-9). Let p = -6 + a. Calculate the greatest common factor of p and 45.
5
Let d(y) = 6*y - 86 - y**2 + 89 + 7*y - 5*y. Let p = -7 + 13. Let b be d(p). Calculate the highest common divisor of 15 and b.
15
Suppose -8*k + 594 = -5*k. What is the greatest common factor of 18 and k?
18
Let v(f) = f**2 - 8*f - 7. Suppose 3*r + 2*a - 3*a - 22 = 0, 50 = 5*r + a. Let g be v(r). What is the highest common factor of g and 8?
2
Suppose -5*x - 15 = 0, -5*z + 2*x = -28 - 3. Suppose 5*h + h = 12. Calculate the greatest common factor of h and z.
1
Suppose -4*a + 2*x + 416 = 0, -4*a - x - 183 = -599. What is the greatest common factor of 13 and a?
13
Suppose -3*p + 43 = 5*k - 207, 0 = 4*p + 4*k - 328. What is the greatest common factor of p and 20?
20
Let b(w) = -6*w - 2. Suppose t = s - 7, 2*t - 5*s + 15 + 14 = 0. Let q be b(t). Let y be ((-10)/4)/(2/(-40)). What is the highest common factor of q and y?
10
Suppose -3*l = -2*r - 9, r + 15 = 5*l - 2*r. What is the highest common divisor of l and 3?
3
Suppose -q = 96 - 107. Calculate the greatest common factor of q and 11.
11
Let c be (-9)/(-5)*(21 + 4). What is the greatest common factor of 60 and c?
15
Let z(f) = -f**2 - 5*f + 4. Let o be z(-5). Let g = 4 - o. Suppose -4*i + 91 + 13 = g. Calculate the highest common divisor of 39 and i.
13
Let b = 45 + -32. What is the highest common factor of 52 and b?
13
Let h(a) = -a + 60. Let i be h(0). Let b(v) = -v - 9. Let l be b(-7). Let u be (9/l)/((-9)/24). What is the greatest common divisor of i and u?
12
Let h(j) = j**3 - 2*j**2 - 9*j + 18. Let l be h(5). What is the highest common factor of 60 and l?
12
Let w(o) = o**2 + 3*o - 6. Let z be w(-5). Let v(r) = r**2 - 4*r. Let c be v(z). Suppose -2*d + 21 - 7 = c. Calculate the highest common divisor of 21 and d.
7
Let i be 8/12*(-57)/(-2). Suppose -3*w = l - i, 3*w = -0*w - 4*l + 4. What is the greatest common divisor of w and 88?
8
Let b be (-6)/(-9) + 124/3. Suppose -3*p + 10 = 2*p - 4*u, 3*p + 4*u - 6 = 0. Suppose -5*h = p - 37. Calculate the highest common factor of h and b.
7
Suppose -u - 31 = -2*g, -4*u + 20 = 2*g + 4. What is the highest common divisor of g and 112?
14
Suppose 4*t - u + 99 - 12 = 0, -83 = 4*t - 5*u. Let f = t - -46. What is the highest common divisor of 4 and f?
4
Let u(j) = j**3 + 5*j**2 - 2*j + 2. Let f be u(-5). What is the greatest common divisor of 12 and f?
12
Let f be -55*(2 - (-54)/(-15)). What is the greatest common divisor of f and 11?
11
Suppose 2*x - 3*q = 79, -4*x + 73 = -2*x - 5*q. Calculate the greatest common factor of 11 and x.
11
Let o(s) = 4*s - 14. Let v be o(6). What is the highest common factor of v and 15?
5
Let z(l) = -l**2 + 2*l + 5. Let a be z(3). Suppose 4*v = 3*k + 6, v - 1 - a = 0. What is the highest common divisor of k and 8?
2
Let j(d) = -d**2 - 11*d + 6. Let f be j(-11). What is the highest common factor of f and 24?
6
Let s = -31 + 37. What is the highest common divisor of 6 and s?
6
Let k(f) = -f**2 + 3*f + 5. Let g be k(4). Let h be (2 - 0 - -19)*g. What is the greatest common factor of h and 14?
7
Let z be (3 + -18 - 2)*-1. What is the highest common factor of z and 85?
17
Suppose 0 = -0*d - 7*d + 147. Calculate the highest common factor of d and 189.
21
Let z be (-3 - 0) + ((-11004)/(-6))/7. What is the highest common divisor of z and 37?
37
Let t = 71 - 68. What is the highest common divisor of 3 and t?
3
Let j(h) = -h**3 + 8*h**2 + 10*h + 21. Let f be j(9). What is the greatest common divisor of 120 and f?
30
Let b be (24/(-20) - 2)*-5. What is the greatest common divisor of 24 and b?
8
Let f be (-2 - -4) + (1 - -1). Let i(o) = -o**2 + 8*o + 2. Let m be i(f). Calculate the greatest common factor of 54 and m.
18
Suppose 7*x = 52 + 53. What is the greatest common factor of x and 15?
15
Suppose -3*k - 14 = -2*m, 5*m + 6 = 5*k + 46. Calculate the highest common factor of 50 and m.
10
Let f = -35 + 41. Calculate the highest common factor of f and 9.
3
Let i(v) = 6*v**3 - v**2 + 5*v - 4. Let p be i(1). What is the highest common divisor of p and 6?
6
Let m be (4 + -1 - 3) + 2. What is the greatest common factor of m and 18?
2
Let b(w) = -21*w**3 - w**2 - 2*w - 1. Let x = 6 - 7. Let d be b(x). What is the highest common divisor of 7 and d?
7
Let n = -25 + 44. Suppose 5*g + 1 - 29 = -l, -11 = -g - 2*l. Suppose -3*c - 266 = -g*c. What is the highest common factor of n and c?
19
Let q be (-64)/10*(-2 + -3). Let y be (6720/30)/(1 + 0). Calculate the greatest common factor of q and y.
32
Suppose 78 = 2*s + s. Suppose s = 5*z - 14. What is the highest common divisor of 1 and z?
1
Let y(b) = 7*b**2 + 3*b - 2. Let s(r) = 34*r**2 + 15*r - 10. Let n(j) = -2*s(j) + 11*y(j). Let g be n(-3). Calculate the greatest common factor of 14 and g.
14
Let c = 46 - 31. Suppose -5 = 3*g - 11. Suppose 0*d - g*d + 20 = 0. What is the highest common divisor of c and d?
5
Let b = -14 + 36. What is the highest common factor of 22 and b?
22
Suppose 3*n - 840 = -11*n. Calculate the greatest common divisor of n and 24.
12
Let t(k) = k**3 + 15*k**2 - 2*k + 5. Let n be t(-15). Calculate the highest common divisor of 21 and n.
7
Let o(h) = 5*h**2 - 8*h - 3. Let b be o(-5). Suppose -3*v - 54 = -b. What is the highest common factor of v and 4?
4
Let k(b) = 15*b**3 + 2*b**2 - b. Suppose 2*p = 6*p - 12. Let r(c) = c - 2. Let n be r(p). Let z be k(n). Calculate the highest common factor of z and 40.
8
Suppose -s = -4*s + 3. What is the greatest common factor of s and 1?
1
Suppose -7 - 6 = -v. Calculate the greatest common factor of 13 and v.
13
Let r be (-4)/14 - 116/(-14). Suppose -96 = -2*a - a. Let v be (a/(-3))/((-3)/9). Calculate the greatest common divisor of v and r.
8
Let l = -25 + 31. What is the highest common divisor of l and 66?
6
Let p = 4 + 6. Suppose 2*w - p = -3*w. Let z(q) = -20*q. Let r be z(-1). Calculate the greatest common divisor of r and w.
2
Suppose -4*y + 32 = 5*t, 3*t + 0*y + y - 15 = 0. Calculate the greatest common factor of 10 and t.
2
Let v(j) = -2*j**2 + 14*j + 10. Let t be v(7). Calculate the highest common factor of t and 60.
10
Let a(m) = m**2 - 2*m + 1. Let r be a(2). Let s = r - -5. Let u be 1024/s - (-4)/12. Calculate the greatest common divisor of 19 and u.
19
Suppose s - 6 = 22. Suppose 0 = -5*m - 2*h + 4*h + 70, -s = -2*m + 2*h. Let x = 73 - 38. Calculate the greatest common factor of m and x.
7
Let r(i) = i**3 - 5*i**2 + 4. Let t be r(5). Suppose 0 = -9*g + t*g + 360. What is the greatest common factor of 8 and g?
8
Suppose -3*a = -22 - 17. Calculate the highest common factor of 26 and a.
13
Let l be ((-42)/(-4))/((-3)/(-30)). Let b = 71 + -56. Calculate the greatest common divisor of b and l.
15
Let q(z) = z**3 - z**2 + z - 33. Let s be q(0). Let b = -8 - s. Suppose 3*f - b = 53. What is the greatest common factor of 13 and f?
13
Suppose 0 = g - 0 - 5. Suppose -g*y = -7 - 8. Let i be 32/(-4)*y/(-2). What is the greatest common divisor of i and 60?
12
Let z = 0 + 14. Let v = 43 + -29. Calculate the highest common factor of v and z.
14
Let g(k) = -k**2 + 6*k + 11. Let w be g(5). Let x = 22 + -14. What is the highest common divisor of x and w?
8
Let i = -12 + 22. Let a be 1/(-3) + (-322)/(-3). Suppose 4*t - 173 = a. What is the greatest common factor of i and t?
10
Suppose -4*l = -d + 158, l + 1 = -0. What is the greatest common factor of 14 and d?
14
Suppose 0 = -0*l - 2*l + 110. Let u be 11*(1 - (-1 - -1)). What is the highest common factor of u and l?
11
Suppose -4*d + 3 = 5*t, -3*t - 2*t + 2*d + 21 = 0. What is the highest common factor of t and 3?
3
Let l(v) = 0 + 11*v**2 + 38*v**2 - 1 - 12*v**2. Let q be l(1). What is the highest common factor of q and 9?
9
Let j = -26 + 46. Suppose 0 = 51*y - 41*y - 300. Calculate the g